s the tens digit of o?
5
Let t(d) = -d**3 + 6*d**2 + 3*d - 10. Suppose 3*v + 6 = 24. Let w be t(v). What is the units digit of (-2)/(0 - w/12)?
3
Let b(r) = r**2 + r - 1. Let y be b(0). Let w(s) = 153*s**3 - s**2 - 2*s - 2. Let h be w(y). Let q = -103 - h. What is the units digit of q?
1
Suppose 0*v = 3*g + 3*v - 60, 5*g = -4*v + 104. What is the hundreds digit of 2904/g - (1 - 2 - -2)?
1
Suppose -2*d + 232 = -2*h + 52, 4*h + 445 = 5*d. What is the tens digit of 1*-25*d/(-25)?
8
Let v be (340 + -4)/3*(-10)/(-2). Let n be (3 + -2 - 1)/(-1). Suppose n = -x + 8*x - v. What is the units digit of x?
0
Let a = 21 - 21. Suppose -m = -a*m - 84. What is the tens digit of m/4 - 3 - 0?
1
Suppose 6*k + 70233 = -13461. What is the tens digit of (-4)/18 + k/(-117)?
1
Let v = 40 + 70. Suppose -5*p - v = -2*q - 3*p, 0 = -4*q - 4*p + 228. Suppose 0 = 3*f - q - 7. What is the tens digit of f?
2
Suppose p + 3*y - 18 = -2*y, 5*p - 64 = y. Suppose -2*u = -65 + p. What is the units digit of u/((-9)/(36/(-8)))?
3
Suppose 4 = p - 9. Suppose -869 = -p*g + 639. What is the tens digit of g?
1
Suppose 0*u - 5*i = 5*u - 1520, -i + 1225 = 4*u. What is the hundreds digit of u?
3
Let z(d) = -d**2 - 3*d + 5. Let k be z(-5). Let p be (1*42)/(6/(-18)). What is the units digit of p/35*k/2?
9
Suppose 10*f - 5945 + 715 = 0. What is the units digit of f?
3
Suppose -4785 = -6*j + j. What is the tens digit of j?
5
Let s(f) = 27*f + 111. What is the tens digit of s(18)?
9
Let h(j) be the third derivative of -j**5/30 + 3*j**4/8 + 2*j**3/3 + 7*j**2. Let o be h(5). Let l = o + 12. What is the tens digit of l?
1
Let z(f) = -7*f - 4. Let r(a) be the third derivative of -a**4/24 + a**3/6 - 4*a**2. Let m(n) = -5*r(n) - z(n). What is the tens digit of m(1)?
1
Let o = 639 + 1769. What is the hundreds digit of o?
4
Let x = 305 - 162. Suppose -y - x = -3*j, -45 = -j + 4*y - 3*y. What is the tens digit of j?
4
Let m(r) = -7*r**3 + r**2 + r - 1. Let h be m(-2). Suppose -h - 18 = -x. What is the units digit of x?
5
Let o(y) = y**3 + 13*y**2 - y + 5. Let k be (3 - -1) + (-322)/23. What is the tens digit of o(k)?
1
Let q(p) = 167*p**2 - p + 1. Let n(y) = -y - 5. Let k be n(-6). What is the units digit of q(k)?
7
Suppose 31682 = 136*m - 129*m. What is the tens digit of m?
2
Suppose 0 = -2*i + 3*c + 120, 3*i - 5*i - 2*c + 140 = 0. Suppose 0 = -5*x - x + i. What is the tens digit of x?
1
Suppose 6*z - 3*z = p - 27, -71 = -3*p - z. Let v = p + -18. What is the units digit of v?
6
Let m(s) be the third derivative of -s**5/60 + 2*s**4/3 - 11*s**3/6 + 11*s**2. What is the tens digit of m(12)?
3
Let c(n) = -59*n**3 + 3*n**2 + 16*n + 3. What is the hundreds digit of c(-4)?
7
Let p be 240/((45/20)/((-9)/6)). Let d = -80 - p. What is the tens digit of d?
8
Let k = 1373 + 121. What is the thousands digit of k?
1
Let y(q) = 5*q**2 + 22*q - 1. Let h(w) = -14*w**2 - 65*w + 4. Let z = -26 + 20. Let f(s) = z*h(s) - 17*y(s). What is the units digit of f(13)?
2
Let p = 33 + -15. Suppose 10 = -4*u - 2*d, -3*d - p = 3*u - 5*d. What is the tens digit of (u + 5)/((-1)/(-27))?
2
Suppose 32*g = 37*g - 5*h - 6925, 0 = -h - 5. What is the units digit of g?
0
Suppose 6*y + 2 = 38. Let p be 4 + -2 + y + 1. What is the tens digit of 102/p*(-12)/(-8)?
1
Let b(l) = l + 19. Let j be b(-7). Suppose 8*h + 244 = j*h. What is the tens digit of h?
6
Suppose -2*a + 4*n = 82, 3*a - n - 2*n + 111 = 0. What is the tens digit of 16/(-88) + (-2580)/a?
7
Let u = 20 - 11. Let a = u + -16. Let f(y) = -2*y + 9. What is the units digit of f(a)?
3
Suppose -8*s + 18 = 4*a - 3*s, 4*a + 2 = 5*s. Suppose 5*k = -5*w + 575, -a*w - 2*w = -3*k - 453. What is the units digit of w?
4
Let f(n) = 1859*n + 83. What is the thousands digit of f(2)?
3
Suppose -3*m - 4*h = -5891, -2075 = 4*m - 3*h - 9913. What is the thousands digit of m?
1
Let j(w) = 10*w. Let n(b) = -b. Let o(q) = -j(q) - 4*n(q). What is the units digit of o(-1)?
6
Let x(n) = -n**3 - 17*n**2 - 16*n + 9. Let m = -2 - 14. Let p be x(m). Suppose -p = -5*s + 46. What is the tens digit of s?
1
Suppose 0*d + 12 = 4*d. Suppose -n - d = 2*n. What is the tens digit of (n + -1)*(-13)/2?
1
Let t(m) = 0*m - 5*m + 2 - m + m**2 + 9. What is the tens digit of t(7)?
1
Suppose 5*q - 3425 = -4*c + 1128, -3*c = -6. What is the units digit of q?
9
Suppose -z - i = 3*i - 34, -5*z + 204 = 3*i. Let n = -11 + z. Let k = 8 + n. What is the units digit of k?
9
Suppose 2*a = -17 + 27. Suppose a*w - 510 = -0*w. What is the tens digit of w?
0
Suppose -4*w = 4*b - 16, 0*b - 4 = -3*w - 5*b. What is the units digit of ((-4)/(-6))/(w/60)?
5
Let c(j) = j**2 - j - 17. Let k be c(0). What is the units digit of ((-3)/(-4))/(k/(-204))?
9
Let p be -1 - -2*39 - -1. Suppose -3*q + 72 = 3*j, 3*q - 4*j + j - p = 0. What is the units digit of q?
5
What is the units digit of 41818/21 + 16/(-48)?
1
Let h = 4704 - 2118. What is the thousands digit of h?
2
Suppose -3*n - 8*j = -5*j - 879, -n = 4*j - 290. What is the hundreds digit of n?
2
Let m be -2 + (-1 - -2) + 5. Let s be m + 1 + (0 - 2). Suppose 5*f = 8 - s. What is the units digit of f?
1
Let n = -1 + 7. Suppose -3*t = -2*s + 20, 0 = n*s - 3*s - 4*t - 30. Let q = 20 - s. What is the tens digit of q?
1
Suppose 0*u + 4*m - 51 = -5*u, 2*u = -2*m + 22. Suppose 167 = 3*i - u. What is the units digit of i?
8
Let z = -3 + 8. Suppose 5*q + 35 = -z*t, 0*q - q + 17 = -t. What is the tens digit of (-3)/12 + (-255)/t?
2
Let l(o) = -o**3 - 3*o**2 + 1. Suppose 0 = 5*t - 39 + 14. Suppose -4*j = 5*h - 0*h, -3*h + t*j - 37 = 0. What is the tens digit of l(h)?
1
Let h(m) = 169*m + 49. What is the hundreds digit of h(6)?
0
Let a(c) = -c**3 + 6*c**2 + c - 4. Let t be a(6). What is the tens digit of t/((-2)/3) + 17?
1
Let b(l) = -l**3 + 22*l**2 + l - 55. What is the tens digit of b(18)?
5
Suppose 5*n + 19 = 2*n + 5*d, 0 = 2*n - 3*d + 11. Suppose -n*c = -53 - 17. Let x = -4 + c. What is the tens digit of x?
3
Let a(d) = -d**2 - 6*d + 3. Let w be a(-6). Suppose -21 = -4*x + w*x. What is the tens digit of x?
2
Suppose 4*z - 32 = -w + 3*w, -26 = -5*z - w. Suppose -2*c = -0*c - z. Suppose c*d - 7 = 8. What is the units digit of d?
5
Let o be (-5)/3*(-18)/15. Suppose 0 = -o*w - 1 + 17. What is the units digit of w?
8
Let l be (1*-1)/((-4)/(-8)). Let x(s) = s**2 - 8*s - 3. Let k(v) = -v**2 + 9*v + 3. Let a(f) = 5*k(f) + 6*x(f). What is the units digit of a(l)?
7
Suppose 3*g + 5559 = 3*j, 0*g = -j - 4*g + 1843. What is the thousands digit of j?
1
Let k = 177 - -18. Suppose 0 = 5*a - 4*v - 316, 2*a - k = 2*v - 67. Suppose -30 - a = -3*q. What is the tens digit of q?
3
Let y = 3990 - -1061. What is the thousands digit of y?
5
Suppose -d = 4*p - 6, 5*p = -4*d + 27 + 8. Let w(s) = -2*s**2 + 5*s + 10. Let g be w(d). What is the units digit of (g/15)/((-2)/6)?
8
Let o be (636/(-10))/((-1)/5). Let r(z) = -z**3 + 13*z**2 + z - 6. Let d be r(13). Suppose -d*a + a + o = 0. What is the tens digit of a?
5
Let z = 281 - -273. Let p = -378 + z. What is the hundreds digit of p?
1
Let t(u) = 3*u**2 + 13*u + 7. Let d be t(-7). What is the tens digit of (d - 1) + 32/(-16)?
6
Suppose 0 = 4*u - 4*q - 672, 0 = 5*u - 6*u - 2*q + 159. What is the hundreds digit of u?
1
Suppose 16549 = 17*a - 9376. What is the hundreds digit of a?
5
Suppose -3*x - x = 2*n - 618, -4 = 4*x. What is the tens digit of n?
1
Suppose -64*a = -63*a + 3*x - 1345, -2*a = x - 2710. What is the units digit of a?
7
Let x(y) = -y**2 - y - 1. Let w(q) = -3*q**2 - 24*q - 21. Let l(r) = -w(r) + 2*x(r). What is the units digit of l(-24)?
7
Suppose -b = 5*c - 3*b - 19, 2*c - 2*b = 4. Suppose c*i = 236 + 4. What is the units digit of i?
8
Let m = -17 - -22. Let n be ((-2)/6)/(m/255). Let k = n - -37. What is the tens digit of k?
2
Let a = 20 + -17. Suppose a*q = -q - 100. Let m = q + 83. What is the units digit of m?
8
Suppose -13*i - 13 + 65 = 0. Suppose -w = i*v - 95, -5*v = -4*w - 3*v + 434. What is the hundreds digit of w?
1
Let g(j) = 6*j + 13. Let r be g(-8). Let w = 37 + r. Suppose 0 = 2*d + 4*x - 64, -w*x + 33 = 2*d - 25. What is the units digit of d?
6
Let h(x) = 17*x + 24. What is the units digit of h(3)?
5
Let n(i) = -4*i**3 + 3*i**2 + 11*i - 6. Let b be n(-4). Let s = b - 143. What is the hundreds digit of s?
1
Suppose -3*c - 4*s - 26 = 0, -c - 2*s - 14 = c. L